-14
Let b(w) = -5*w + 23. Determine b(6).
-7
Let m(j) = j**2 - 6*j + 11. Give m(7).
18
Let b(j) = -j**2 - 6*j - 5. Calculate b(-4).
3
Let q(j) = j**2 + 10*j - 1. Give q(-8).
-17
Let k(v) = v**3 + 5*v**2 - 5*v + 4. Determine k(-6).
-2
Let x(s) = 4*s**2 + 9*s + 5. Determine x(0).
5
Let k(v) = 6*v + 18. Determine k(8).
66
Let k(h) = -5*h. Determine k(2).
-10
Let z(q) = q**2 + 15*q + 45. Calculate z(-7).
-11
Let w(x) = x + 21. Determine w(-7).
14
Let a(c) = c**2 - 11*c - 14. What is a(11)?
-14
Let y(x) = -3*x**3 + x**2 - 18*x - 52. What is y(-2)?
12
Let x(h) = 14*h - 9. Determine x(3).
33
Let q(f) = 2*f**2 - 126*f + 9. What is q(63)?
9
Let c(a) = -3*a + 1. Calculate c(-4).
13
Let w(f) = -f**3 + 3*f**2 - 3*f + 13. Give w(4).
-15
Let z(w) = -16*w - 78. Determine z(-5).
2
Let i(c) = -c + 5. Determine i(3).
2
Let v(w) = w**2 - 31*w + 36. Determine v(30).
6
Let g(q) = q**2 - 14*q - 20. Determine g(15).
-5
Let s(f) = f**3 + 6*f**2. Calculate s(-6).
0
Let a(x) = 2*x + 4. What is a(-6)?
-8
Let d(f) = f**3 - f**2 + f + 1. Determine d(0).
1
Let i(g) = -8*g + 37. What is i(5)?
-3
Let o(d) = -d**2 - 11*d - 16. Give o(-2).
2
Let x(d) = d**3 - 6*d**2 - 19*d + 25. Calculate x(8).
1
Let k(v) = 2*v. What is k(6)?
12
Let t(q) = -11*q**2 - 2*q - 1. Calculate t(-1).
-10
Let s(v) = v**3 - 8*v**2 - 4*v + 18. What is s(9)?
63
Let s(m) = -2*m - 8. Calculate s(-11).
14
Let a(x) = -5*x**3 - 21*x**2 + 4*x + 1. What is a(-5)?
81
Let m(d) = -3*d + 27. Give m(0).
27
Let b(q) = -q**2 + 53*q - 155. Calculate b(3).
-5
Let k(l) = l**3 + 4*l**2 - 4*l + 28. Determine k(-5).
23
Let u(i) = -11*i**2 - 3*i + 3. What is u(2)?
-47
Let p(i) = 20*i**3 + i**2. Give p(-1).
-19
Let t(u) = u**3 - 3*u**2 + u. Determine t(1).
-1
Let m(t) = -3*t - 5. Determine m(5).
-20
Let u(q) = 16*q - 3. Calculate u(5).
77
Let u(m) = -5*m**2 + 6*m - 7. Calculate u(2).
-15
Let q(b) = b**2 + 9*b - 234. Determine q(-20).
-14
Let z(x) = -2*x**2 + 18*x - 4. Determine z(9).
-4
Let y(o) = -o**2 + 6*o + 5. What is y(7)?
-2
Let z(y) = -y**2 - 3*y + 3. Calculate z(-3).
3
Let g(d) = -d**3 + 5*d**2 - d + 9. Determine g(6).
-33
Let h(c) = -c**2 + 13*c + 6. Give h(14).
-8
Let h(j) = -2*j**3 + 24*j**2 - 21*j - 5. Calculate h(11).
6
Let b(r) = 17*r - 63. Give b(11).
124
Let s(o) = 5*o + 6. Calculate s(-4).
-14
Let l(s) = s**3 - 9*s**2 + 8*s + 13. What is l(6)?
-47
Let q(u) = -u**2 + 17*u + 16. Determine q(18).
-2
Let k(d) = 83*d**2 + d. Determine k(1).
84
Let l(u) = u**3 - 16*u**2 - 16*u + 3. Determine l(17).
20
Let k(v) = v**2 - 10*v + 29. Determine k(9).
20
Let s(z) = z**2 + 2*z - 1. Calculate s(-6).
23
Let h(x) = -x**3 + 4*x**2 + 6*x - 12. Calculate h(5).
-7
Let p(s) = 3*s + 36. Determine p(-13).
-3
Let n(m) = 20*m + 114. Determine n(-5).
14
Let h(w) = w**3 - 10*w**2 + 18*w - 8. Calculate h(6).
-44
Let r(v) = -9*v - 7. Give r(9).
-88
Let c(g) = g**2 + 19*g + 63. What is c(-15)?
3
Let v(t) = -4*t**2 - 5*t - 2. Calculate v(-3).
-23
Let q(a) = -a**3 - a**2 - 2*a - 7. What is q(-3)?
17
Let f(g) = g**3 + 4*g**2 + 2*g - 2. What is f(-5)?
-37
Let s(l) = l + 23. Calculate s(-6).
17
Let c(h) = h + 110. Calculate c(0).
110
Let d(g) = g**2 - 10*g - 31. Determine d(-6).
65
Let q(w) = -w**3 - 9*w**2 + 12*w + 10. What is q(-10)?
-10
Let o(k) = -2*k - 39. Determine o(-26).
13
Let q(i) = 9*i. Determine q(-2).
-18
Let k(v) = -2*v - 75. Give k(-35).
-5
Let a(g) = -g**3 - 2*g**2 - 4*g - 4. Calculate a(-2).
4
Let q(x) = x**3 + 12*x**2 + 2*x + 26. Determine q(-12).
2
Let p(h) = -5*h + 181. Determine p(30).
31
Let u(l) = -l + 19. What is u(0)?
19
Let q(f) = -6*f - 36. What is q(-6)?
0
Let x(p) = -22*p - 175. Give x(-8).
1
Let b(a) = -a**2 + 2*a + 9. Give b(0).
9
Let r(o) = 7*o - 35. What is r(7)?
14
Let h(p) = -p**2 + 5*p + 1. Calculate h(9).
-35
Let p(o) = 2*o**2 + 8*o + 51. Calculate p(0).
51
Let q(o) = 5*o**2 + 2*o - 2. Determine q(1).
5
Let n(m) = m**3 + 5*m**2 + m - 6. Determine n(-5).
-11
Let n(h) = 2*h**2 + 8*h + 17. What is n(-5)?
27
Let f(z) = -z**3 + 17*z**2. What is f(17)?
0
Let d(m) = 2*m**2 - 5*m - 3. Determine d(2).
-5
Let y(u) = 7*u + 135. Give y(-20).
-5
Let g(m) = -m**2 - 14*m - 12. Determine g(-13).
1
Let u(q) = -2*q**2 - 16*q - 14. Determine u(-9).
-32
Let q(u) = 7*u**2 + 49*u - 56. Give q(-8).
0
Let r(g) = 2*g - 18. Calculate r(8).
-2
Let o(f) = -8*f - 36. Determine o(-5).
4
Let y(g) = -34*g + 577. What is y(17)?
-1
Let d(h) = 11*h + 435. Give d(-40).
-5
Let p(w) = w**3 + 4*w**2 + w + 4. Determine p(-4).
0
Let a(s) = 19*s + 233. Calculate a(-12).
5
Let g(x) = -x**2 + 14*x - 2. Determine g(12).
22
Let v(a) = a**3 + 13*a**2 - 113*a + 6. Determine v(-19).
-13
Let v(w) = -w**2 - 17*w + 16. Determine v(-18).
-2
Let y(u) = 5*u + 40. Calculate y(-8).
0
Let c(s) = 3*s - 29. Determine c(7).
-8
Let v(p) = -8*p - 2. What is v(-1)?
6
Let m(n) = n**3 - 85*n**2 + 164*n + 165. Calculate m(83).
-1
Let h(l) = 3*l**2 + 7*l - 16. What is h(-7)?
82
Let j(a) = -7*a + 38. What is j(10)?
-32
Let o(c) = -c**2 - c - 42. What is o(0)?
-42
Let m(s) = s**3 + 20*s**2 - 21*s - 1. Determine m(-21).
-1
Let q(t) = -2*t**3 - 14*t**2 + 16*t + 5. Calculate q(-8).
5
Let p(s) = -s**2 - 29*s - 27. Determine p(-28).
1
Let n(g) = 3*g + 74. Determine n(-23).
5
Let f(q) = -q**2 + 51*q + 100. Give f(53).
-6
Let l(m) = m**3 - 4*m**2 + m - 1. Calculate l(3).
-7
Let v(u) = -u + 17. Give v(0).
17
Let w(u) = u**2 - 4. What is w(0)?
-4
Let z(b) = -3*b - 6. Calculate z(-2).
0
Let v(l) = -l**3 - 5*l**2 + l + 4. Calculate v(-5).
-1
Let a(u) = -u + 5. Determine a(0).
5
Let g(u) = 3*u - 5. Calculate g(12).
31
Let i(p) = p**2 + 55*p - 106. Determine i(-57).
8
Let o(b) = -b**3 + 32*b**2 - 57*b - 38. Give o(30).
52
Let u(i) = -3*i - 21. Calculate u(-7).
0
Let n(y) = y**2 - 13*y + 6. Calculate n(10).
-24
Let a(t) = -6*t**2 + t - 6. Give a(-3).
-63
Let w(p) = -p**2 - p + 21. What is w(0)?
21
Let f(b) = -b**3 - 3*b**2 - 6*b - 22. What is f(-3)?
-4
Let r(f) = -f**3 - 16*f**2 - 42*f - 45. Calculate r(-13).
-6
Let u(d) = -2*d - 7. What is u(-9)?
11
Let l(x) = 3*x + 15. Determine l(-11).
-18
Let q(w) = w**2 - 16*w + 21. What is q(14)?
-7
Let y(s) = s**2 + 14*s + 23. What is y(-11)?
-10
Let x(p) = 2*p**2 - 3*p - 10. Calculate x(5).
25
Let i(g) = g**2 + 7*g + 14. Determine i(-4).
2
Let y(g) = g**3 - 2*g**2 + g. Determine y(2).
2
Let s(t) = t**2 + 3*t + 1. What is s(-2)?
-1
Let r(t) = 3*t**3 + 10*t**2 - 9*t - 18. Give r(-3).
18
Let j(a) = 5*a**2 - 22*a - 12. What is j(5)?
3
Let r(k) = 13*k + 3. Give r(-2).
-23
Let g(a) = a**2 + 17. Calculate g(0).
17
Let v(k) = k**3 - 2*k**2 - 3*k + 5. What is v(3)?
5
Let y(c) = -2*c**2 - 6*c - 5. Calculate y(-4).
-13
Let g(c) = c**3 - 5*c**2 + 12*c - 4. Determine g(5).
56
Let q(j) = -2*j + 3. Calculate q(-2).
7
Let u(m) = -9*m + 169. Determine u(15).
34
Let g(q) = -7*q**2 + 2*q - 2. Calculate g(2).
-26
Let m(u) = -u**2 - 7*u - 7. Calculate m(-4).
5
Let t(j) = 20*j - 2. Determine t(-4).
-82
Let g(k) = -2*k**2 - 20*k - 46. Give g(-6).
2
Let p(s) = -2*s**3 - 3*s**2 + s. Determine p(2).
-26
Let u(c) = c + 15. Determine u(-9).
6
Let b(z) = z**3 - 12*z**2 - 9*z - 34. Determine b(13).
18
Let r(a) = a**3 - 8*a**2 - 2*a - 2. What is r(7)?
-65
Let k(c) = -2*c**2 - 20*c - 36. Determine k(-7).
6
Let t(o) = -39*o**2 - o - 1. Give t(-1).
-39
Let z(r) = r**2 - 92. Determine z(-10).
8
Let c(z) = 4*z - 16. Determine c(5).
4
Let r(y) = -3*y**2 - 7*y - 16. Give r(-6).
-82
Let m(w) = w + 7. Give m(-8).
-1
Let i(t) = 28*t + 12. Determine i(1).
40
Let a(n) = -12*n + 30. Determine a(3).
-6
Let s(g) = 5*g**2 + 8*g. Determine s(-2).
4
Let s(t) = 4*t - 4. What is s(20)?
76
Let g(k) = -7*k + 10. What is g(4)?
-18
Let w(v) = v**3 - 8*v**2 + 3*v + 9. Calculate w(4).
-43
Let p(c) = 2*c**2 - 15*c + 13. Determine p(7).
6
Let h(a) = 12*a - 35. Give h(7).
49
Let y(n) = n**2 + 9*n. Give y(-8).
-8
Let p(z) = -z**3 + 13*z**2 + 15*z + 12. Give p(14).
26
Let r(c) = -c**3 + 13*c**2 - 20*c + 100. Determine r(12).
4
Let b(t) = t**2 + 16*t + 7. Determine b(-16).
7
Let n(s) = s**2 - 21*s + 103. Determine n(12).
-5
Let i(m) = -4*m + 5. Calculate i(6).
-19
Let j(u) = u**3 + 14*u**2 - 15*u - 20. What is j(-15)?
-20
Let v(u) = -4*u - 3. Give v(3).
-15
Let y(t) = -t**3 + 19*t**2 - 34*t + 1. Calculate y(17).
1
Let b(f) = -15*f + 35. Give b(2).
5
Let y(p) = -10*p - 4. Give y(-3).
26
Let a(g) = g**3 + 5*